{"id":7,"date":"2015-06-02T14:05:49","date_gmt":"2015-06-02T13:05:49","guid":{"rendered":"http:\/\/test.soleillette.com\/?page_id=7"},"modified":"2025-10-14T10:23:28","modified_gmt":"2025-10-14T09:23:28","slug":"conditions","status":"publish","type":"page","link":"https:\/\/soleillette.com\/?page_id=7","title":{"rendered":"Documents &#038; R\u00e9servations"},"content":{"rendered":"<h3><span style=\"text-decoration: underline;\"><span style=\"text-decoration: underline;\">Conditions pour stages &amp;<\/span> <span style=\"text-decoration: underline;\">s\u00e9minaires<\/span><\/span><\/h3>\n<p><em>Les demandes de disponibilit\u00e9s et de r\u00e9servations se font uniquement par mail, vous trouverez toutes les informations et conditions ci-dessous.<\/em><\/p>\n<p class=\"texte2\"><em>Prix 2026 en euros par personne et par jour:<\/em><\/p>\n<p><strong>\u2022 En chambre double avec WC\/douche : 40 euros<\/strong><\/p>\n<p><strong>\u2022 Suppl\u00e9ment chambre individuelle: + 18 euros<\/strong><\/p>\n<p><strong>Prix<\/strong> <strong>salle<\/strong> <strong>de<\/strong> <strong>travail: 80 euros<\/strong> <strong>par<\/strong> <strong>jour<\/strong><\/p>\n<p class=\"texte2\">Les repas ne sont pas inclus dans ces tarifs.<\/p>\n<p>Le nombre de participants minimum demand\u00e9 est de 12 pour une dur\u00e9e minimum de 2 jours et 2 nuits (4 jours et 4 nuits en juillet et ao\u00fbt)<\/p>\n<p class=\"texte2\"><span style=\"font-weight: inherit;\">\u2022 Information aux organisateurs et participants :\u00a0<\/span><a href=\"https:\/\/soleillette.com\/wp-content\/uploads\/2025\/10\/infos-organisateurs-participants_2026.pdf\">PDF<\/a><\/p>\n<p>\u2022 Consignes pour le s\u00e9jour :\u00a0<a href=\"https:\/\/soleillette.com\/wp-content\/uploads\/2021\/09\/consignes_sejour-2022.pdf\">PDF<\/a><\/p>\n<p><span style=\"font-weight: inherit;\">\u2022 R\u00e9capitulatif <\/span>des tarifs pour s\u00e9minaires et stages :<a href=\"https:\/\/soleillette.com\/wp-content\/uploads\/2023\/05\/recapitulatif-tarifs-stages-Soleillette-1.pdf\"> PDF<\/a><\/p>\n<p><u>Documents de r\u00e9servation<\/u><\/p>\n<p>\u2022 Conditions de r\u00e9servation &#8211; stage avec fiche de r\u00e9servation : <a href=\"https:\/\/soleillette.com\/wp-content\/uploads\/2025\/01\/conditions_reservation-2025-avec-Fiche-de-reservation.docx\" data-wplink-edit=\"true\">Word<\/a><\/p>\n<p>\u2022 Fiche pr\u00e9-stage :\u00a0<a href=\"https:\/\/soleillette.com\/wp-content\/uploads\/2023\/06\/fiche_pre_stage-2023-2024-1.docx\">Word<\/a><\/p>\n<p>\u2022 Description des chambres :\u00a0<a href=\"https:\/\/soleillette.com\/wp-content\/uploads\/2023\/05\/description-des-chambres-2022-4-1.docx\">Word<\/a><\/p>\n","protected":false},"excerpt":{"rendered":"<p>Conditions pour stages &amp; s\u00e9minaires Les demandes de disponibilit\u00e9s et de r\u00e9servations se font uniquement par mail, vous trouverez toutes les informations et conditions ci-dessous. Prix 2026 en euros par personne et par jour: \u2022 En chambre double avec WC\/douche : 40 euros \u2022 Suppl\u00e9ment chambre individuelle: + 18 euros Prix salle de travail: 80 [&hellip;]<\/p>\n","protected":false},"author":1,"featured_media":0,"parent":0,"menu_order":0,"comment_status":"closed","ping_status":"closed","template":"","meta":{"footnotes":""},"_links":{"self":[{"href":"https:\/\/soleillette.com\/index.php?rest_route=\/wp\/v2\/pages\/7"}],"collection":[{"href":"https:\/\/soleillette.com\/index.php?rest_route=\/wp\/v2\/pages"}],"about":[{"href":"https:\/\/soleillette.com\/index.php?rest_route=\/wp\/v2\/types\/page"}],"author":[{"embeddable":true,"href":"https:\/\/soleillette.com\/index.php?rest_route=\/wp\/v2\/users\/1"}],"replies":[{"embeddable":true,"href":"https:\/\/soleillette.com\/index.php?rest_route=%2Fwp%2Fv2%2Fcomments&post=7"}],"version-history":[{"count":94,"href":"https:\/\/soleillette.com\/index.php?rest_route=\/wp\/v2\/pages\/7\/revisions"}],"predecessor-version":[{"id":9990,"href":"https:\/\/soleillette.com\/index.php?rest_route=\/wp\/v2\/pages\/7\/revisions\/9990"}],"wp:attachment":[{"href":"https:\/\/soleillette.com\/index.php?rest_route=%2Fwp%2Fv2%2Fmedia&parent=7"}],"curies":[{"name":"wp","href":"https:\/\/api.w.org\/{rel}","templated":true}]}}

Documents &#038; Réservations

<h3><span style="text-decoration: underline;"><span style="text-decoration: underline;">Conditions pour stages &amp;</span> <span style="text-decoration: underline;">séminaires</span></span></h3>
<p><em>Les demandes de disponibilités et de réservations se font uniquement par mail, vous trouverez toutes les informations et conditions ci-dessous.</em></p>
<p class="texte2"><em>Prix 2026 en euros par personne et par jour:</em></p>
<p><strong>• En chambre double avec WC/douche : 40 euros</strong></p>
<p><strong>• Supplément chambre individuelle: + 18 euros</strong></p>
<p><strong>Prix</strong> <strong>salle</strong> <strong>de</strong> <strong>travail: 80 euros</strong> <strong>par</strong> <strong>jour</strong></p>
<p class="texte2">Les repas ne sont pas inclus dans ces tarifs.</p>
<p>Le nombre de participants minimum demandé est de 12 pour une durée minimum de 2 jours et 2 nuits (4 jours et 4 nuits en juillet et août)</p>
<p class="texte2"><span style="font-weight: inherit;">• Information aux organisateurs et participants : </span><a href="https://soleillette.com/wp-content/uploads/2025/10/infos-organisateurs-participants_2026.pdf">PDF</a></p>
<p>• Consignes pour le séjour : <a href="https://soleillette.com/wp-content/uploads/2021/09/consignes_sejour-2022.pdf">PDF</a></p>
<p><span style="font-weight: inherit;">• Récapitulatif </span>des tarifs pour séminaires et stages :<a href="https://soleillette.com/wp-content/uploads/2023/05/recapitulatif-tarifs-stages-Soleillette-1.pdf"> PDF</a></p>
<p><u>Documents de réservation</u></p>
<p>• Conditions de réservation &#8211; stage avec fiche de réservation : <a href="https://soleillette.com/wp-content/uploads/2025/01/conditions_reservation-2025-avec-Fiche-de-reservation.docx" data-wplink-edit="true">Word</a></p>
<p>• Fiche pré-stage : <a href="https://soleillette.com/wp-content/uploads/2023/06/fiche_pre_stage-2023-2024-1.docx">Word</a></p>
<p>• Description des chambres : <a href="https://soleillette.com/wp-content/uploads/2023/05/description-des-chambres-2022-4-1.docx">Word</a></p>

<p>Conditions pour stages &amp; séminaires Les demandes de disponibilités et de réservations se font uniquement par mail, vous trouverez toutes les informations et conditions ci-dessous. Prix 2026 en euros par personne et par jour: • En chambre double avec WC/douche : 40 euros • Supplément chambre individuelle: + 18 euros Prix salle de travail: 80 [&hellip;]</p>
