{"id":16,"date":"2015-06-02T14:17:23","date_gmt":"2015-06-02T13:17:23","guid":{"rendered":"http:\/\/test.soleillette.com\/?page_id=16"},"modified":"2024-04-16T18:09:57","modified_gmt":"2024-04-16T17:09:57","slug":"accueil","status":"publish","type":"page","link":"https:\/\/soleillette.com\/","title":{"rendered":"Accueil &amp; environnement"},"content":{"rendered":"<h4><\/h4>\n<p>Bijou serti au coeur de la vall\u00e9e verte, la Soleillette est l&rsquo;endroit id\u00e9al pour prendre contact avec sa nature. \u00a0Dans un environnement calme avec vue magnifique, la Soleillette met \u00e0 disposition ses locaux pour les formations,\u00a0le travail de d\u00e9veloppement personnel, la pratique artistique, les th\u00e9rapies, etc..<br \/>\nSa d\u00e9marche s&rsquo;oriente vers tout ce qui favorise la sant\u00e9 par les processus naturels. La maison peut \u00eatre aussi lou\u00e9e en g\u00eete.<\/p>\n<p>En France, situ\u00e9e dans le d\u00e9partement de la Haute-Savoie, \u00e0 35 minutes des tr\u00e8s belles villes de Gen\u00e8ve, Annecy, Thonon et des grandes stations de ski, la Soleillette jouit d\u2019un emplacement privil\u00e9gi\u00e9.<\/p>\n<p>Elle tr\u00f4ne au milieu des p\u00e2turages, \u00e0 la sortie du village de Bog\u00e8ve, \u00e0 5 minutes du plateau de Plaine-Joux et face au\u00a0<a href=\"http:\/\/www.lesbrasses.com\/\" target=\"_blank\" rel=\"noopener\">massif des Brasses<\/a>. En bas du terrain de la Soleillette, il est possible d\u2019acc\u00e9der \u00e0 un petit ruisseau qui court dans la for\u00eat.<\/p>\n<p>Dans les environs, possibilit\u00e9s de pratiquer une multitude de sports :<\/p>\n<ul>\n<li>ski alpin<\/li>\n<li>ski de fond<\/li>\n<li>vtt<\/li>\n<li>raquettes<\/li>\n<li>itin\u00e9raires de balades et randonn\u00e9es directement au d\u00e9part de la Soleillette (<a href=\"https:\/\/detoursetcontoursenvalleeverte.fr\/\" target=\"_blank\" rel=\"noopener\">dcvv.fr\u00a0<\/a>et d\u2019autres)<\/li>\n<li>etc &#8230;<\/li>\n<\/ul>\n\n\t\t<style type=\"text\/css\">\n\t\t\t#gallery-1 {\n\t\t\t\tmargin: auto;\n\t\t\t}\n\t\t\t#gallery-1 .gallery-item {\n\t\t\t\tfloat: left;\n\t\t\t\tmargin-top: 10px;\n\t\t\t\ttext-align: center;\n\t\t\t\twidth: 33%;\n\t\t\t}\n\t\t\t#gallery-1 img {\n\t\t\t\tborder: 2px solid #cfcfcf;\n\t\t\t}\n\t\t\t#gallery-1 .gallery-caption {\n\t\t\t\tmargin-left: 0;\n\t\t\t}\n\t\t\t\/* see gallery_shortcode() in wp-includes\/media.php *\/\n\t\t<\/style>\n\t\t<div id='gallery-1' class='gallery galleryid-16 gallery-columns-3 gallery-size-medium'><dl class='gallery-item'>\n\t\t\t<dt class='gallery-icon landscape'>\n\t\t\t\t<a href='https:\/\/soleillette.com\/wp-content\/uploads\/2015\/06\/P1010731.jpg' title=\"\" data-rl_title=\"\" class=\"rl-gallery-link\" data-rl_caption=\"\" data-rel=\"lightbox-gallery-1\"><img loading=\"lazy\" decoding=\"async\" width=\"300\" height=\"200\" src=\"https:\/\/soleillette.com\/wp-content\/uploads\/2015\/06\/P1010731-300x200.jpg\" class=\"attachment-medium size-medium\" alt=\"\" srcset=\"https:\/\/soleillette.com\/wp-content\/uploads\/2015\/06\/P1010731-300x200.jpg 300w, https:\/\/soleillette.com\/wp-content\/uploads\/2015\/06\/P1010731-1024x683.jpg 1024w\" sizes=\"(max-width: 300px) 100vw, 300px\" \/><\/a>\n\t\t\t<\/dt><\/dl><dl class='gallery-item'>\n\t\t\t<dt class='gallery-icon landscape'>\n\t\t\t\t<a href='https:\/\/soleillette.com\/wp-content\/uploads\/2015\/06\/lavande.jpg' title=\"\" data-rl_title=\"\" class=\"rl-gallery-link\" data-rl_caption=\"\" data-rel=\"lightbox-gallery-1\"><img loading=\"lazy\" decoding=\"async\" width=\"300\" height=\"200\" src=\"https:\/\/soleillette.com\/wp-content\/uploads\/2015\/06\/lavande-300x200.jpg\" class=\"attachment-medium size-medium\" alt=\"\" srcset=\"https:\/\/soleillette.com\/wp-content\/uploads\/2015\/06\/lavande-300x200.jpg 300w, https:\/\/soleillette.com\/wp-content\/uploads\/2015\/06\/lavande-1024x683.jpg 1024w\" sizes=\"(max-width: 300px) 100vw, 300px\" \/><\/a>\n\t\t\t<\/dt><\/dl><dl class='gallery-item'>\n\t\t\t<dt class='gallery-icon landscape'>\n\t\t\t\t<a href='https:\/\/soleillette.com\/wp-content\/uploads\/2015\/07\/promenade.jpg' title=\"\" data-rl_title=\"\" class=\"rl-gallery-link\" data-rl_caption=\"\" data-rel=\"lightbox-gallery-1\"><img loading=\"lazy\" decoding=\"async\" width=\"300\" height=\"200\" src=\"https:\/\/soleillette.com\/wp-content\/uploads\/2015\/07\/promenade-300x200.jpg\" class=\"attachment-medium size-medium\" alt=\"\" aria-describedby=\"gallery-1-215\" srcset=\"https:\/\/soleillette.com\/wp-content\/uploads\/2015\/07\/promenade-300x200.jpg 300w, https:\/\/soleillette.com\/wp-content\/uploads\/2015\/07\/promenade-1024x682.jpg 1024w, https:\/\/soleillette.com\/wp-content\/uploads\/2015\/07\/promenade.jpg 1199w\" sizes=\"(max-width: 300px) 100vw, 300px\" \/><\/a>\n\t\t\t<\/dt>\n\t\t\t\t<dd class='wp-caption-text gallery-caption' id='gallery-1-215'>\n\t\t\t\tBalade \u00e0 5 min en voiture\n\t\t\t\t<\/dd><\/dl><br style=\"clear: both\" \/><dl class='gallery-item'>\n\t\t\t<dt class='gallery-icon landscape'>\n\t\t\t\t<a href='https:\/\/soleillette.com\/wp-content\/uploads\/2015\/06\/P1010726.jpg' title=\"\" data-rl_title=\"\" class=\"rl-gallery-link\" data-rl_caption=\"\" data-rel=\"lightbox-gallery-1\"><img loading=\"lazy\" decoding=\"async\" width=\"300\" height=\"200\" src=\"https:\/\/soleillette.com\/wp-content\/uploads\/2015\/06\/P1010726-300x200.jpg\" class=\"attachment-medium size-medium\" alt=\"\" srcset=\"https:\/\/soleillette.com\/wp-content\/uploads\/2015\/06\/P1010726-300x200.jpg 300w, https:\/\/soleillette.com\/wp-content\/uploads\/2015\/06\/P1010726-1024x683.jpg 1024w\" sizes=\"(max-width: 300px) 100vw, 300px\" \/><\/a>\n\t\t\t<\/dt><\/dl><dl class='gallery-item'>\n\t\t\t<dt class='gallery-icon landscape'>\n\t\t\t\t<a href='https:\/\/soleillette.com\/wp-content\/uploads\/2021\/09\/Vue-devant-la-Soleilette-3.jpg' title=\"\" data-rl_title=\"\" class=\"rl-gallery-link\" data-rl_caption=\"\" data-rel=\"lightbox-gallery-1\"><img loading=\"lazy\" decoding=\"async\" width=\"300\" height=\"134\" src=\"https:\/\/soleillette.com\/wp-content\/uploads\/2021\/09\/Vue-devant-la-Soleilette-3-300x134.jpg\" class=\"attachment-medium size-medium\" alt=\"\" aria-describedby=\"gallery-1-9701\" srcset=\"https:\/\/soleillette.com\/wp-content\/uploads\/2021\/09\/Vue-devant-la-Soleilette-3-300x134.jpg 300w, https:\/\/soleillette.com\/wp-content\/uploads\/2021\/09\/Vue-devant-la-Soleilette-3-768x344.jpg 768w, https:\/\/soleillette.com\/wp-content\/uploads\/2021\/09\/Vue-devant-la-Soleilette-3-1024x459.jpg 1024w\" sizes=\"(max-width: 300px) 100vw, 300px\" \/><\/a>\n\t\t\t<\/dt>\n\t\t\t\t<dd class='wp-caption-text gallery-caption' id='gallery-1-9701'>\n\t\t\t\tVue d&rsquo;hiver devant la Soleillette\n\t\t\t\t<\/dd><\/dl><dl class='gallery-item'>\n\t\t\t<dt class='gallery-icon landscape'>\n\t\t\t\t<a href='https:\/\/soleillette.com\/wp-content\/uploads\/2021\/11\/20201111_114917-scaled.jpg' title=\"\" data-rl_title=\"\" class=\"rl-gallery-link\" data-rl_caption=\"\" data-rel=\"lightbox-gallery-1\"><img loading=\"lazy\" decoding=\"async\" width=\"300\" height=\"169\" src=\"https:\/\/soleillette.com\/wp-content\/uploads\/2021\/11\/20201111_114917-300x169.jpg\" class=\"attachment-medium size-medium\" alt=\"\" aria-describedby=\"gallery-1-9747\" srcset=\"https:\/\/soleillette.com\/wp-content\/uploads\/2021\/11\/20201111_114917-300x169.jpg 300w, https:\/\/soleillette.com\/wp-content\/uploads\/2021\/11\/20201111_114917-1024x576.jpg 1024w, https:\/\/soleillette.com\/wp-content\/uploads\/2021\/11\/20201111_114917-768x432.jpg 768w, https:\/\/soleillette.com\/wp-content\/uploads\/2021\/11\/20201111_114917-1536x864.jpg 1536w, https:\/\/soleillette.com\/wp-content\/uploads\/2021\/11\/20201111_114917-2048x1152.jpg 2048w\" sizes=\"(max-width: 300px) 100vw, 300px\" \/><\/a>\n\t\t\t<\/dt>\n\t\t\t\t<dd class='wp-caption-text gallery-caption' id='gallery-1-9747'>\n\t\t\t\tDu haut de la montagne en face\n\t\t\t\t<\/dd><\/dl><br style=\"clear: both\" \/><dl class='gallery-item'>\n\t\t\t<dt class='gallery-icon landscape'>\n\t\t\t\t<a href='https:\/\/soleillette.com\/wp-content\/uploads\/2021\/09\/Maison.jpg' title=\"\" data-rl_title=\"\" class=\"rl-gallery-link\" data-rl_caption=\"\" data-rel=\"lightbox-gallery-1\"><img loading=\"lazy\" decoding=\"async\" width=\"300\" height=\"225\" src=\"https:\/\/soleillette.com\/wp-content\/uploads\/2021\/09\/Maison-300x225.jpg\" class=\"attachment-medium size-medium\" alt=\"\" srcset=\"https:\/\/soleillette.com\/wp-content\/uploads\/2021\/09\/Maison-300x225.jpg 300w, https:\/\/soleillette.com\/wp-content\/uploads\/2021\/09\/Maison.jpg 640w\" sizes=\"(max-width: 300px) 100vw, 300px\" \/><\/a>\n\t\t\t<\/dt><\/dl>\n\t\t\t<br style='clear: both' \/>\n\t\t<\/div>\n\n","protected":false},"excerpt":{"rendered":"<p>Bijou serti au coeur de la vall\u00e9e verte, la Soleillette est l&rsquo;endroit id\u00e9al pour prendre contact avec sa nature. \u00a0Dans un environnement calme avec vue magnifique, la Soleillette met \u00e0 disposition ses locaux pour les formations,\u00a0le travail de d\u00e9veloppement personnel, la pratique artistique, les th\u00e9rapies, etc.. Sa d\u00e9marche s&rsquo;oriente vers tout ce qui favorise la [&hellip;]<\/p>\n","protected":false},"author":1,"featured_media":0,"parent":0,"menu_order":0,"comment_status":"closed","ping_status":"closed","template":"","meta":{"footnotes":""},"_links":{"self":[{"href":"https:\/\/soleillette.com\/index.php?rest_route=\/wp\/v2\/pages\/16"}],"collection":[{"href":"https:\/\/soleillette.com\/index.php?rest_route=\/wp\/v2\/pages"}],"about":[{"href":"https:\/\/soleillette.com\/index.php?rest_route=\/wp\/v2\/types\/page"}],"author":[{"embeddable":true,"href":"https:\/\/soleillette.com\/index.php?rest_route=\/wp\/v2\/users\/1"}],"replies":[{"embeddable":true,"href":"https:\/\/soleillette.com\/index.php?rest_route=%2Fwp%2Fv2%2Fcomments&post=16"}],"version-history":[{"count":8,"href":"https:\/\/soleillette.com\/index.php?rest_route=\/wp\/v2\/pages\/16\/revisions"}],"predecessor-version":[{"id":9924,"href":"https:\/\/soleillette.com\/index.php?rest_route=\/wp\/v2\/pages\/16\/revisions\/9924"}],"wp:attachment":[{"href":"https:\/\/soleillette.com\/index.php?rest_route=%2Fwp%2Fv2%2Fmedia&parent=16"}],"curies":[{"name":"wp","href":"https:\/\/api.w.org\/{rel}","templated":true}]}}

<h4></h4>
<p>Bijou serti au coeur de la vallée verte, la Soleillette est l&rsquo;endroit idéal pour prendre contact avec sa nature.  Dans un environnement calme avec vue magnifique, la Soleillette met à disposition ses locaux pour les formations, le travail de développement personnel, la pratique artistique, les thérapies, etc..<br />
Sa démarche s&rsquo;oriente vers tout ce qui favorise la santé par les processus naturels. La maison peut être aussi louée en gîte.</p>
<p>En France, située dans le département de la Haute-Savoie, à 35 minutes des très belles villes de Genève, Annecy, Thonon et des grandes stations de ski, la Soleillette jouit d’un emplacement privilégié.</p>
<p>Elle trône au milieu des pâturages, à la sortie du village de Bogève, à 5 minutes du plateau de Plaine-Joux et face au <a href="http://www.lesbrasses.com/" target="_blank" rel="noopener">massif des Brasses</a>. En bas du terrain de la Soleillette, il est possible d’accéder à un petit ruisseau qui court dans la forêt.</p>
<p>Dans les environs, possibilités de pratiquer une multitude de sports :</p>
<ul>
<li>ski alpin</li>
<li>ski de fond</li>
<li>vtt</li>
<li>raquettes</li>
<li>itinéraires de balades et randonnées directement au départ de la Soleillette (<a href="https://detoursetcontoursenvalleeverte.fr/" target="_blank" rel="noopener">dcvv.fr </a>et d’autres)</li>
<li>etc &#8230;</li>
</ul>

		<style type="text/css">
			#gallery-1 {
				margin: auto;
			}
			#gallery-1 .gallery-item {
				float: left;
				margin-top: 10px;
				text-align: center;
				width: 33%;
			}
			#gallery-1 img {
				border: 2px solid #cfcfcf;
			}
			#gallery-1 .gallery-caption {
				margin-left: 0;
			}
			/* see gallery_shortcode() in wp-includes/media.php */
		</style>
		<div id='gallery-1' class='gallery galleryid-16 gallery-columns-3 gallery-size-medium'><dl class='gallery-item'>
			<dt class='gallery-icon landscape'>
				<a href='https://soleillette.com/wp-content/uploads/2015/06/P1010731.jpg' title="" data-rl_title="" class="rl-gallery-link" data-rl_caption="" data-rel="lightbox-gallery-1"><img loading="lazy" decoding="async" width="300" height="200" src="https://soleillette.com/wp-content/uploads/2015/06/P1010731-300x200.jpg" class="attachment-medium size-medium" alt="" srcset="https://soleillette.com/wp-content/uploads/2015/06/P1010731-300x200.jpg 300w, https://soleillette.com/wp-content/uploads/2015/06/P1010731-1024x683.jpg 1024w" sizes="(max-width: 300px) 100vw, 300px" /></a>
			</dt></dl><dl class='gallery-item'>
			<dt class='gallery-icon landscape'>
				<a href='https://soleillette.com/wp-content/uploads/2015/06/lavande.jpg' title="" data-rl_title="" class="rl-gallery-link" data-rl_caption="" data-rel="lightbox-gallery-1"><img loading="lazy" decoding="async" width="300" height="200" src="https://soleillette.com/wp-content/uploads/2015/06/lavande-300x200.jpg" class="attachment-medium size-medium" alt="" srcset="https://soleillette.com/wp-content/uploads/2015/06/lavande-300x200.jpg 300w, https://soleillette.com/wp-content/uploads/2015/06/lavande-1024x683.jpg 1024w" sizes="(max-width: 300px) 100vw, 300px" /></a>
			</dt></dl><dl class='gallery-item'>
			<dt class='gallery-icon landscape'>
				<a href='https://soleillette.com/wp-content/uploads/2015/07/promenade.jpg' title="" data-rl_title="" class="rl-gallery-link" data-rl_caption="" data-rel="lightbox-gallery-1"><img loading="lazy" decoding="async" width="300" height="200" src="https://soleillette.com/wp-content/uploads/2015/07/promenade-300x200.jpg" class="attachment-medium size-medium" alt="" aria-describedby="gallery-1-215" srcset="https://soleillette.com/wp-content/uploads/2015/07/promenade-300x200.jpg 300w, https://soleillette.com/wp-content/uploads/2015/07/promenade-1024x682.jpg 1024w, https://soleillette.com/wp-content/uploads/2015/07/promenade.jpg 1199w" sizes="(max-width: 300px) 100vw, 300px" /></a>
			</dt>
				<dd class='wp-caption-text gallery-caption' id='gallery-1-215'>
				Balade à 5 min en voiture
				</dd></dl><br style="clear: both" /><dl class='gallery-item'>
			<dt class='gallery-icon landscape'>
				<a href='https://soleillette.com/wp-content/uploads/2015/06/P1010726.jpg' title="" data-rl_title="" class="rl-gallery-link" data-rl_caption="" data-rel="lightbox-gallery-1"><img loading="lazy" decoding="async" width="300" height="200" src="https://soleillette.com/wp-content/uploads/2015/06/P1010726-300x200.jpg" class="attachment-medium size-medium" alt="" srcset="https://soleillette.com/wp-content/uploads/2015/06/P1010726-300x200.jpg 300w, https://soleillette.com/wp-content/uploads/2015/06/P1010726-1024x683.jpg 1024w" sizes="(max-width: 300px) 100vw, 300px" /></a>
			</dt></dl><dl class='gallery-item'>
			<dt class='gallery-icon landscape'>
				<a href='https://soleillette.com/wp-content/uploads/2021/09/Vue-devant-la-Soleilette-3.jpg' title="" data-rl_title="" class="rl-gallery-link" data-rl_caption="" data-rel="lightbox-gallery-1"><img loading="lazy" decoding="async" width="300" height="134" src="https://soleillette.com/wp-content/uploads/2021/09/Vue-devant-la-Soleilette-3-300x134.jpg" class="attachment-medium size-medium" alt="" aria-describedby="gallery-1-9701" srcset="https://soleillette.com/wp-content/uploads/2021/09/Vue-devant-la-Soleilette-3-300x134.jpg 300w, https://soleillette.com/wp-content/uploads/2021/09/Vue-devant-la-Soleilette-3-768x344.jpg 768w, https://soleillette.com/wp-content/uploads/2021/09/Vue-devant-la-Soleilette-3-1024x459.jpg 1024w" sizes="(max-width: 300px) 100vw, 300px" /></a>
			</dt>
				<dd class='wp-caption-text gallery-caption' id='gallery-1-9701'>
				Vue d&rsquo;hiver devant la Soleillette
				</dd></dl><dl class='gallery-item'>
			<dt class='gallery-icon landscape'>
				<a href='https://soleillette.com/wp-content/uploads/2021/11/20201111_114917-scaled.jpg' title="" data-rl_title="" class="rl-gallery-link" data-rl_caption="" data-rel="lightbox-gallery-1"><img loading="lazy" decoding="async" width="300" height="169" src="https://soleillette.com/wp-content/uploads/2021/11/20201111_114917-300x169.jpg" class="attachment-medium size-medium" alt="" aria-describedby="gallery-1-9747" srcset="https://soleillette.com/wp-content/uploads/2021/11/20201111_114917-300x169.jpg 300w, https://soleillette.com/wp-content/uploads/2021/11/20201111_114917-1024x576.jpg 1024w, https://soleillette.com/wp-content/uploads/2021/11/20201111_114917-768x432.jpg 768w, https://soleillette.com/wp-content/uploads/2021/11/20201111_114917-1536x864.jpg 1536w, https://soleillette.com/wp-content/uploads/2021/11/20201111_114917-2048x1152.jpg 2048w" sizes="(max-width: 300px) 100vw, 300px" /></a>
			</dt>
				<dd class='wp-caption-text gallery-caption' id='gallery-1-9747'>
				Du haut de la montagne en face
				</dd></dl><br style="clear: both" /><dl class='gallery-item'>
			<dt class='gallery-icon landscape'>
				<a href='https://soleillette.com/wp-content/uploads/2021/09/Maison.jpg' title="" data-rl_title="" class="rl-gallery-link" data-rl_caption="" data-rel="lightbox-gallery-1"><img loading="lazy" decoding="async" width="300" height="225" src="https://soleillette.com/wp-content/uploads/2021/09/Maison-300x225.jpg" class="attachment-medium size-medium" alt="" srcset="https://soleillette.com/wp-content/uploads/2021/09/Maison-300x225.jpg 300w, https://soleillette.com/wp-content/uploads/2021/09/Maison.jpg 640w" sizes="(max-width: 300px) 100vw, 300px" /></a>
			</dt></dl>
			<br style='clear: both' />
		</div>

<p>Bijou serti au coeur de la vallée verte, la Soleillette est l&rsquo;endroit idéal pour prendre contact avec sa nature.  Dans un environnement calme avec vue magnifique, la Soleillette met à disposition ses locaux pour les formations, le travail de développement personnel, la pratique artistique, les thérapies, etc.. Sa démarche s&rsquo;oriente vers tout ce qui favorise la [&hellip;]</p>
