{"id":12,"date":"2015-06-02T14:11:48","date_gmt":"2015-06-02T13:11:48","guid":{"rendered":"http:\/\/test.soleillette.com\/?page_id=12"},"modified":"2024-04-16T11:16:25","modified_gmt":"2024-04-16T10:16:25","slug":"description","status":"publish","type":"page","link":"https:\/\/soleillette.com\/?page_id=12","title":{"rendered":"Description des lieux"},"content":{"rendered":"<h4><span style=\"color: #ff9100;\">Le jardin :<\/span><\/h4>\n<p>Le jardin est r\u00e9parti en trois niveaux de surfaces planes, ce qui permet la pratique d&rsquo;activit\u00e9s \u00e0 l&rsquo;ext\u00e9rieur.<\/p>\n\n\t\t<style type=\"text\/css\">\n\t\t\t#gallery-1 {\n\t\t\t\tmargin: auto;\n\t\t\t}\n\t\t\t#gallery-1 .gallery-item {\n\t\t\t\tfloat: left;\n\t\t\t\tmargin-top: 10px;\n\t\t\t\ttext-align: center;\n\t\t\t\twidth: 25%;\n\t\t\t}\n\t\t\t#gallery-1 img {\n\t\t\t\tborder: 2px solid #cfcfcf;\n\t\t\t}\n\t\t\t#gallery-1 .gallery-caption {\n\t\t\t\tmargin-left: 0;\n\t\t\t}\n\t\t\t\/* see gallery_shortcode() in wp-includes\/media.php *\/\n\t\t<\/style>\n\t\t<div id='gallery-1' class='gallery galleryid-12 gallery-columns-4 gallery-size-medium'><dl class='gallery-item'>\n\t\t\t<dt class='gallery-icon landscape'>\n\t\t\t\t<a href='https:\/\/soleillette.com\/wp-content\/uploads\/2015\/06\/P1010751.jpg' title=\"\" data-rl_title=\"\" class=\"rl-gallery-link\" data-rl_caption=\"\" data-rel=\"lightbox-gallery-1\"><img loading=\"lazy\" decoding=\"async\" width=\"300\" height=\"200\" src=\"https:\/\/soleillette.com\/wp-content\/uploads\/2015\/06\/P1010751-300x200.jpg\" class=\"attachment-medium size-medium\" alt=\"\" srcset=\"https:\/\/soleillette.com\/wp-content\/uploads\/2015\/06\/P1010751-300x200.jpg 300w, https:\/\/soleillette.com\/wp-content\/uploads\/2015\/06\/P1010751-1024x683.jpg 1024w\" sizes=\"(max-width: 300px) 100vw, 300px\" \/><\/a>\n\t\t\t<\/dt><\/dl><dl class='gallery-item'>\n\t\t\t<dt class='gallery-icon landscape'>\n\t\t\t\t<a href='https:\/\/soleillette.com\/wp-content\/uploads\/2015\/06\/P1010713.jpg' title=\"\" data-rl_title=\"\" class=\"rl-gallery-link\" data-rl_caption=\"\" data-rel=\"lightbox-gallery-1\"><img loading=\"lazy\" decoding=\"async\" width=\"300\" height=\"200\" src=\"https:\/\/soleillette.com\/wp-content\/uploads\/2015\/06\/P1010713-300x200.jpg\" class=\"attachment-medium size-medium\" alt=\"\" srcset=\"https:\/\/soleillette.com\/wp-content\/uploads\/2015\/06\/P1010713-300x200.jpg 300w, https:\/\/soleillette.com\/wp-content\/uploads\/2015\/06\/P1010713-1024x683.jpg 1024w\" sizes=\"(max-width: 300px) 100vw, 300px\" \/><\/a>\n\t\t\t<\/dt><\/dl><dl class='gallery-item'>\n\t\t\t<dt class='gallery-icon landscape'>\n\t\t\t\t<a href='https:\/\/soleillette.com\/wp-content\/uploads\/2021\/09\/20190617_164255.jpg' title=\"\" data-rl_title=\"\" class=\"rl-gallery-link\" data-rl_caption=\"\" data-rel=\"lightbox-gallery-1\"><img loading=\"lazy\" decoding=\"async\" width=\"300\" height=\"169\" src=\"https:\/\/soleillette.com\/wp-content\/uploads\/2021\/09\/20190617_164255-300x169.jpg\" class=\"attachment-medium size-medium\" alt=\"\" srcset=\"https:\/\/soleillette.com\/wp-content\/uploads\/2021\/09\/20190617_164255-300x169.jpg 300w, https:\/\/soleillette.com\/wp-content\/uploads\/2021\/09\/20190617_164255-768x432.jpg 768w, https:\/\/soleillette.com\/wp-content\/uploads\/2021\/09\/20190617_164255-1024x576.jpg 1024w\" sizes=\"(max-width: 300px) 100vw, 300px\" \/><\/a>\n\t\t\t<\/dt><\/dl><dl class='gallery-item'>\n\t\t\t<dt class='gallery-icon landscape'>\n\t\t\t\t<a href='https:\/\/soleillette.com\/wp-content\/uploads\/2015\/07\/jardin-vue.jpg' title=\"\" data-rl_title=\"\" class=\"rl-gallery-link\" data-rl_caption=\"\" data-rel=\"lightbox-gallery-1\"><img loading=\"lazy\" decoding=\"async\" width=\"300\" height=\"169\" src=\"https:\/\/soleillette.com\/wp-content\/uploads\/2015\/07\/jardin-vue-300x169.jpg\" class=\"attachment-medium size-medium\" alt=\"\" srcset=\"https:\/\/soleillette.com\/wp-content\/uploads\/2015\/07\/jardin-vue-300x169.jpg 300w, https:\/\/soleillette.com\/wp-content\/uploads\/2015\/07\/jardin-vue-1024x576.jpg 1024w\" sizes=\"(max-width: 300px) 100vw, 300px\" \/><\/a>\n\t\t\t<\/dt><\/dl><br style=\"clear: both\" \/>\n\t\t<\/div>\n\n<h4>\u00a0<\/h4>\n<h4><span style=\"color: #ff9100;\">La salle :<\/span><\/h4>\n<p>Espace spacieux de 83 m<sup>2<\/sup> offrant la possibilit\u00e9 de diverses activit\u00e9s avec la pr\u00e9sence d&rsquo;un po\u00eale et d&rsquo;une vielle chemin\u00e9e, grandes baies vitr\u00e9es s&rsquo;ouvrant sur une belle terrasse avec vue sur la vall\u00e9e et les montagnes.<br \/>Liste du mat\u00e9riel disponible :<\/p>\n<ul>\n<li>Appareil st\u00e9r\u00e9o avec 4 haut-parleurs<\/li>\n<li>matelas (20 maximum)<\/li>\n<li>29 chaises au sol<\/li>\n<li>25 chaises sur pied<\/li>\n<li>tableau de conf\u00e9rence<\/li>\n<li>couvertures et coussins<\/li>\n<li>sol en parquet<\/li>\n<li>Possibilit\u00e9 de louer des tapis de yoga\u00a0<\/li>\n<\/ul>\n\n\t\t<style type=\"text\/css\">\n\t\t\t#gallery-2 {\n\t\t\t\tmargin: auto;\n\t\t\t}\n\t\t\t#gallery-2 .gallery-item {\n\t\t\t\tfloat: left;\n\t\t\t\tmargin-top: 10px;\n\t\t\t\ttext-align: center;\n\t\t\t\twidth: 25%;\n\t\t\t}\n\t\t\t#gallery-2 img {\n\t\t\t\tborder: 2px solid #cfcfcf;\n\t\t\t}\n\t\t\t#gallery-2 .gallery-caption {\n\t\t\t\tmargin-left: 0;\n\t\t\t}\n\t\t\t\/* see gallery_shortcode() in wp-includes\/media.php *\/\n\t\t<\/style>\n\t\t<div id='gallery-2' class='gallery galleryid-12 gallery-columns-4 gallery-size-medium'><dl class='gallery-item'>\n\t\t\t<dt class='gallery-icon landscape'>\n\t\t\t\t<a href='https:\/\/soleillette.com\/wp-content\/uploads\/2021\/11\/IMG-20211005-WA0045.jpg' title=\"\" data-rl_title=\"\" class=\"rl-gallery-link\" data-rl_caption=\"\" data-rel=\"lightbox-gallery-2\"><img loading=\"lazy\" decoding=\"async\" width=\"300\" height=\"225\" src=\"https:\/\/soleillette.com\/wp-content\/uploads\/2021\/11\/IMG-20211005-WA0045-300x225.jpg\" class=\"attachment-medium size-medium\" alt=\"\" srcset=\"https:\/\/soleillette.com\/wp-content\/uploads\/2021\/11\/IMG-20211005-WA0045-300x225.jpg 300w, https:\/\/soleillette.com\/wp-content\/uploads\/2021\/11\/IMG-20211005-WA0045-1024x768.jpg 1024w, https:\/\/soleillette.com\/wp-content\/uploads\/2021\/11\/IMG-20211005-WA0045-768x576.jpg 768w, https:\/\/soleillette.com\/wp-content\/uploads\/2021\/11\/IMG-20211005-WA0045-1536x1152.jpg 1536w, https:\/\/soleillette.com\/wp-content\/uploads\/2021\/11\/IMG-20211005-WA0045.jpg 1600w\" sizes=\"(max-width: 300px) 100vw, 300px\" \/><\/a>\n\t\t\t<\/dt><\/dl><dl class='gallery-item'>\n\t\t\t<dt class='gallery-icon landscape'>\n\t\t\t\t<a href='https:\/\/soleillette.com\/wp-content\/uploads\/2021\/09\/20210521_100317-scaled.jpg' title=\"\" data-rl_title=\"\" class=\"rl-gallery-link\" data-rl_caption=\"\" data-rel=\"lightbox-gallery-2\"><img loading=\"lazy\" decoding=\"async\" width=\"300\" height=\"142\" src=\"https:\/\/soleillette.com\/wp-content\/uploads\/2021\/09\/20210521_100317-300x142.jpg\" class=\"attachment-medium size-medium\" alt=\"\" srcset=\"https:\/\/soleillette.com\/wp-content\/uploads\/2021\/09\/20210521_100317-300x142.jpg 300w, https:\/\/soleillette.com\/wp-content\/uploads\/2021\/09\/20210521_100317-1024x485.jpg 1024w, https:\/\/soleillette.com\/wp-content\/uploads\/2021\/09\/20210521_100317-768x363.jpg 768w, https:\/\/soleillette.com\/wp-content\/uploads\/2021\/09\/20210521_100317-1536x727.jpg 1536w, https:\/\/soleillette.com\/wp-content\/uploads\/2021\/09\/20210521_100317-2048x969.jpg 2048w\" sizes=\"(max-width: 300px) 100vw, 300px\" \/><\/a>\n\t\t\t<\/dt><\/dl><dl class='gallery-item'>\n\t\t\t<dt class='gallery-icon landscape'>\n\t\t\t\t<a href='https:\/\/soleillette.com\/wp-content\/uploads\/2015\/06\/P1010800.jpg' title=\"\" data-rl_title=\"\" class=\"rl-gallery-link\" data-rl_caption=\"\" data-rel=\"lightbox-gallery-2\"><img loading=\"lazy\" decoding=\"async\" width=\"300\" height=\"200\" src=\"https:\/\/soleillette.com\/wp-content\/uploads\/2015\/06\/P1010800-300x200.jpg\" class=\"attachment-medium size-medium\" alt=\"\" srcset=\"https:\/\/soleillette.com\/wp-content\/uploads\/2015\/06\/P1010800-300x200.jpg 300w, https:\/\/soleillette.com\/wp-content\/uploads\/2015\/06\/P1010800-1024x683.jpg 1024w\" sizes=\"(max-width: 300px) 100vw, 300px\" \/><\/a>\n\t\t\t<\/dt><\/dl><dl class='gallery-item'>\n\t\t\t<dt class='gallery-icon landscape'>\n\t\t\t\t<a href='https:\/\/soleillette.com\/wp-content\/uploads\/2021\/09\/salle-scaled.jpg' title=\"\" data-rl_title=\"\" class=\"rl-gallery-link\" data-rl_caption=\"\" data-rel=\"lightbox-gallery-2\"><img loading=\"lazy\" decoding=\"async\" width=\"300\" height=\"169\" src=\"https:\/\/soleillette.com\/wp-content\/uploads\/2021\/09\/salle-300x169.jpg\" class=\"attachment-medium size-medium\" alt=\"\" srcset=\"https:\/\/soleillette.com\/wp-content\/uploads\/2021\/09\/salle-300x169.jpg 300w, https:\/\/soleillette.com\/wp-content\/uploads\/2021\/09\/salle-1024x576.jpg 1024w, https:\/\/soleillette.com\/wp-content\/uploads\/2021\/09\/salle-768x432.jpg 768w, https:\/\/soleillette.com\/wp-content\/uploads\/2021\/09\/salle-1536x864.jpg 1536w, https:\/\/soleillette.com\/wp-content\/uploads\/2021\/09\/salle-2048x1152.jpg 2048w\" sizes=\"(max-width: 300px) 100vw, 300px\" \/><\/a>\n\t\t\t<\/dt><\/dl><br style=\"clear: both\" \/>\n\t\t<\/div>\n\n<h4>\u00a0<\/h4>\n<h4><span style=\"color: #ff9100;\">Les chambres :<\/span><\/h4>\n<p>Au total 16 chambres de d\u00e9coration sobre et chaleureuse dont dix mansard\u00e9es<\/p>\n<ul>\n<li>10 chambres avec 2 lits simples<\/li>\n<li>4 chambres avec un lit double<\/li>\n<li>2 chambres \u00e0 1 lit simple<\/li>\n<\/ul>\n<p>Sur cet ensemble, 11 poss\u00e8dent un WC-douche dans la chambre et 5 partagent deux WC-douche sur l&rsquo;\u00e9tage.<br \/>Les lits sont \u00e9quip\u00e9s de couettes et d&rsquo;oreillers, couvertures de laine \u00e0 disposition.<br \/>Possibilit\u00e9s de literie fournie; voir tarifs.<\/p>\n\n\t\t<style type=\"text\/css\">\n\t\t\t#gallery-3 {\n\t\t\t\tmargin: auto;\n\t\t\t}\n\t\t\t#gallery-3 .gallery-item {\n\t\t\t\tfloat: left;\n\t\t\t\tmargin-top: 10px;\n\t\t\t\ttext-align: center;\n\t\t\t\twidth: 25%;\n\t\t\t}\n\t\t\t#gallery-3 img {\n\t\t\t\tborder: 2px solid #cfcfcf;\n\t\t\t}\n\t\t\t#gallery-3 .gallery-caption {\n\t\t\t\tmargin-left: 0;\n\t\t\t}\n\t\t\t\/* see gallery_shortcode() in wp-includes\/media.php *\/\n\t\t<\/style>\n\t\t<div id='gallery-3' class='gallery galleryid-12 gallery-columns-4 gallery-size-medium'><dl class='gallery-item'>\n\t\t\t<dt class='gallery-icon landscape'>\n\t\t\t\t<a href='https:\/\/soleillette.com\/wp-content\/uploads\/2021\/11\/20210519_193012-scaled.jpg' title=\"\" data-rl_title=\"\" class=\"rl-gallery-link\" data-rl_caption=\"\" data-rel=\"lightbox-gallery-3\"><img loading=\"lazy\" decoding=\"async\" width=\"300\" height=\"142\" src=\"https:\/\/soleillette.com\/wp-content\/uploads\/2021\/11\/20210519_193012-300x142.jpg\" class=\"attachment-medium size-medium\" alt=\"\" srcset=\"https:\/\/soleillette.com\/wp-content\/uploads\/2021\/11\/20210519_193012-300x142.jpg 300w, https:\/\/soleillette.com\/wp-content\/uploads\/2021\/11\/20210519_193012-1024x485.jpg 1024w, https:\/\/soleillette.com\/wp-content\/uploads\/2021\/11\/20210519_193012-768x364.jpg 768w, https:\/\/soleillette.com\/wp-content\/uploads\/2021\/11\/20210519_193012-1536x728.jpg 1536w, https:\/\/soleillette.com\/wp-content\/uploads\/2021\/11\/20210519_193012-2048x971.jpg 2048w\" sizes=\"(max-width: 300px) 100vw, 300px\" \/><\/a>\n\t\t\t<\/dt><\/dl><dl class='gallery-item'>\n\t\t\t<dt class='gallery-icon landscape'>\n\t\t\t\t<a href='https:\/\/soleillette.com\/wp-content\/uploads\/2021\/11\/20210519_193221-scaled.jpg' title=\"\" data-rl_title=\"\" class=\"rl-gallery-link\" data-rl_caption=\"\" data-rel=\"lightbox-gallery-3\"><img loading=\"lazy\" decoding=\"async\" width=\"300\" height=\"142\" src=\"https:\/\/soleillette.com\/wp-content\/uploads\/2021\/11\/20210519_193221-300x142.jpg\" class=\"attachment-medium size-medium\" alt=\"\" srcset=\"https:\/\/soleillette.com\/wp-content\/uploads\/2021\/11\/20210519_193221-300x142.jpg 300w, https:\/\/soleillette.com\/wp-content\/uploads\/2021\/11\/20210519_193221-1024x485.jpg 1024w, https:\/\/soleillette.com\/wp-content\/uploads\/2021\/11\/20210519_193221-768x364.jpg 768w, https:\/\/soleillette.com\/wp-content\/uploads\/2021\/11\/20210519_193221-1536x728.jpg 1536w, https:\/\/soleillette.com\/wp-content\/uploads\/2021\/11\/20210519_193221-2048x971.jpg 2048w\" sizes=\"(max-width: 300px) 100vw, 300px\" \/><\/a>\n\t\t\t<\/dt><\/dl><dl class='gallery-item'>\n\t\t\t<dt class='gallery-icon landscape'>\n\t\t\t\t<a href='https:\/\/soleillette.com\/wp-content\/uploads\/2015\/06\/P1010819.jpg' title=\"\" data-rl_title=\"\" class=\"rl-gallery-link\" data-rl_caption=\"\" data-rel=\"lightbox-gallery-3\"><img loading=\"lazy\" decoding=\"async\" width=\"300\" height=\"200\" src=\"https:\/\/soleillette.com\/wp-content\/uploads\/2015\/06\/P1010819-300x200.jpg\" class=\"attachment-medium size-medium\" alt=\"\" srcset=\"https:\/\/soleillette.com\/wp-content\/uploads\/2015\/06\/P1010819-300x200.jpg 300w, https:\/\/soleillette.com\/wp-content\/uploads\/2015\/06\/P1010819-1024x683.jpg 1024w\" sizes=\"(max-width: 300px) 100vw, 300px\" \/><\/a>\n\t\t\t<\/dt><\/dl><dl class='gallery-item'>\n\t\t\t<dt class='gallery-icon landscape'>\n\t\t\t\t<a href='https:\/\/soleillette.com\/wp-content\/uploads\/2015\/06\/P1010833.jpg' title=\"\" data-rl_title=\"\" class=\"rl-gallery-link\" data-rl_caption=\"\" data-rel=\"lightbox-gallery-3\"><img loading=\"lazy\" decoding=\"async\" width=\"300\" height=\"200\" src=\"https:\/\/soleillette.com\/wp-content\/uploads\/2015\/06\/P1010833-300x200.jpg\" class=\"attachment-medium size-medium\" alt=\"\" srcset=\"https:\/\/soleillette.com\/wp-content\/uploads\/2015\/06\/P1010833-300x200.jpg 300w, https:\/\/soleillette.com\/wp-content\/uploads\/2015\/06\/P1010833-1024x683.jpg 1024w\" sizes=\"(max-width: 300px) 100vw, 300px\" \/><\/a>\n\t\t\t<\/dt><\/dl><br style=\"clear: both\" \/>\n\t\t<\/div>\n\n<h4>\u00a0<\/h4>\n<h4><span style=\"color: #ff9100;\">La salle \u00e0 manger et la cuisine :<\/span><\/h4>\n<p>Salle \u00e0 manger conviviale pouvant accueillir jusqu&rsquo;\u00e0 36 personnes.<br \/>Des comptoirs sont pr\u00e9vus pour installation du buffet et, de plus, un acc\u00e8s direct \u00e0 la terrasse permet, en \u00e9t\u00e9, de prendre les repas sous les parasols.<br \/>Cuisine de collectivit\u00e9 fonctionnelle.<\/p>\n\n\t\t<style type=\"text\/css\">\n\t\t\t#gallery-4 {\n\t\t\t\tmargin: auto;\n\t\t\t}\n\t\t\t#gallery-4 .gallery-item {\n\t\t\t\tfloat: left;\n\t\t\t\tmargin-top: 10px;\n\t\t\t\ttext-align: center;\n\t\t\t\twidth: 25%;\n\t\t\t}\n\t\t\t#gallery-4 img {\n\t\t\t\tborder: 2px solid #cfcfcf;\n\t\t\t}\n\t\t\t#gallery-4 .gallery-caption {\n\t\t\t\tmargin-left: 0;\n\t\t\t}\n\t\t\t\/* see gallery_shortcode() in wp-includes\/media.php *\/\n\t\t<\/style>\n\t\t<div id='gallery-4' class='gallery galleryid-12 gallery-columns-4 gallery-size-medium'><dl class='gallery-item'>\n\t\t\t<dt class='gallery-icon landscape'>\n\t\t\t\t<a href='https:\/\/soleillette.com\/wp-content\/uploads\/2015\/06\/P1010843.jpg' title=\"\" data-rl_title=\"\" class=\"rl-gallery-link\" data-rl_caption=\"\" data-rel=\"lightbox-gallery-4\"><img loading=\"lazy\" decoding=\"async\" width=\"300\" height=\"200\" src=\"https:\/\/soleillette.com\/wp-content\/uploads\/2015\/06\/P1010843-300x200.jpg\" class=\"attachment-medium size-medium\" alt=\"\" srcset=\"https:\/\/soleillette.com\/wp-content\/uploads\/2015\/06\/P1010843-300x200.jpg 300w, https:\/\/soleillette.com\/wp-content\/uploads\/2015\/06\/P1010843-1024x683.jpg 1024w\" sizes=\"(max-width: 300px) 100vw, 300px\" \/><\/a>\n\t\t\t<\/dt><\/dl><dl class='gallery-item'>\n\t\t\t<dt class='gallery-icon landscape'>\n\t\t\t\t<a href='https:\/\/soleillette.com\/wp-content\/uploads\/2015\/06\/cuisine.jpg' title=\"\" data-rl_title=\"\" class=\"rl-gallery-link\" data-rl_caption=\"\" data-rel=\"lightbox-gallery-4\"><img loading=\"lazy\" decoding=\"async\" width=\"300\" height=\"200\" src=\"https:\/\/soleillette.com\/wp-content\/uploads\/2015\/06\/cuisine-300x200.jpg\" class=\"attachment-medium size-medium\" alt=\"\" srcset=\"https:\/\/soleillette.com\/wp-content\/uploads\/2015\/06\/cuisine-300x200.jpg 300w, https:\/\/soleillette.com\/wp-content\/uploads\/2015\/06\/cuisine-1024x683.jpg 1024w, https:\/\/soleillette.com\/wp-content\/uploads\/2015\/06\/cuisine.jpg 1536w\" sizes=\"(max-width: 300px) 100vw, 300px\" \/><\/a>\n\t\t\t<\/dt><\/dl><dl class='gallery-item'>\n\t\t\t<dt class='gallery-icon landscape'>\n\t\t\t\t<a href='https:\/\/soleillette.com\/wp-content\/uploads\/2015\/06\/pommes.jpg' title=\"\" data-rl_title=\"\" class=\"rl-gallery-link\" data-rl_caption=\"\" data-rel=\"lightbox-gallery-4\"><img loading=\"lazy\" decoding=\"async\" width=\"300\" height=\"200\" src=\"https:\/\/soleillette.com\/wp-content\/uploads\/2015\/06\/pommes-300x200.jpg\" class=\"attachment-medium size-medium\" alt=\"\" srcset=\"https:\/\/soleillette.com\/wp-content\/uploads\/2015\/06\/pommes-300x200.jpg 300w, https:\/\/soleillette.com\/wp-content\/uploads\/2015\/06\/pommes-1024x684.jpg 1024w\" sizes=\"(max-width: 300px) 100vw, 300px\" \/><\/a>\n\t\t\t<\/dt><\/dl><dl class='gallery-item'>\n\t\t\t<dt class='gallery-icon landscape'>\n\t\t\t\t<a href='https:\/\/soleillette.com\/wp-content\/uploads\/2015\/06\/Salle\u00e0manger.jpg' title=\"\" data-rl_title=\"\" class=\"rl-gallery-link\" data-rl_caption=\"\" data-rel=\"lightbox-gallery-4\"><img loading=\"lazy\" decoding=\"async\" width=\"300\" height=\"200\" src=\"https:\/\/soleillette.com\/wp-content\/uploads\/2015\/06\/Salle\u00e0manger-300x200.jpg\" class=\"attachment-medium size-medium\" alt=\"\" srcset=\"https:\/\/soleillette.com\/wp-content\/uploads\/2015\/06\/Salle\u00e0manger-300x200.jpg 300w, https:\/\/soleillette.com\/wp-content\/uploads\/2015\/06\/Salle\u00e0manger-1024x683.jpg 1024w, https:\/\/soleillette.com\/wp-content\/uploads\/2015\/06\/Salle\u00e0manger.jpg 1500w\" sizes=\"(max-width: 300px) 100vw, 300px\" \/><\/a>\n\t\t\t<\/dt><\/dl><br style=\"clear: both\" \/>\n\t\t<\/div>\n\n<h4>\u00a0<\/h4>\n<h4><span style=\"color: #ff9100;\">Le salon et le bar :<\/span><\/h4>\n<p>Id\u00e9aux pour un \u00e9change avec la tisane du soir, ces deux espaces de d\u00e9tente peuvent \u00eatre transform\u00e9s en lieux de travail pour les petits groupes.<\/p>\n\n\t\t<style type=\"text\/css\">\n\t\t\t#gallery-5 {\n\t\t\t\tmargin: auto;\n\t\t\t}\n\t\t\t#gallery-5 .gallery-item {\n\t\t\t\tfloat: left;\n\t\t\t\tmargin-top: 10px;\n\t\t\t\ttext-align: center;\n\t\t\t\twidth: 25%;\n\t\t\t}\n\t\t\t#gallery-5 img {\n\t\t\t\tborder: 2px solid #cfcfcf;\n\t\t\t}\n\t\t\t#gallery-5 .gallery-caption {\n\t\t\t\tmargin-left: 0;\n\t\t\t}\n\t\t\t\/* see gallery_shortcode() in wp-includes\/media.php *\/\n\t\t<\/style>\n\t\t<div id='gallery-5' class='gallery galleryid-12 gallery-columns-4 gallery-size-medium'><dl class='gallery-item'>\n\t\t\t<dt class='gallery-icon landscape'>\n\t\t\t\t<a href='https:\/\/soleillette.com\/wp-content\/uploads\/2015\/06\/P1010840.jpg' title=\"\" data-rl_title=\"\" class=\"rl-gallery-link\" data-rl_caption=\"\" data-rel=\"lightbox-gallery-5\"><img loading=\"lazy\" decoding=\"async\" width=\"300\" height=\"200\" src=\"https:\/\/soleillette.com\/wp-content\/uploads\/2015\/06\/P1010840-300x200.jpg\" class=\"attachment-medium size-medium\" alt=\"\" srcset=\"https:\/\/soleillette.com\/wp-content\/uploads\/2015\/06\/P1010840-300x200.jpg 300w, https:\/\/soleillette.com\/wp-content\/uploads\/2015\/06\/P1010840-1024x683.jpg 1024w\" sizes=\"(max-width: 300px) 100vw, 300px\" \/><\/a>\n\t\t\t<\/dt><\/dl><dl class='gallery-item'>\n\t\t\t<dt class='gallery-icon landscape'>\n\t\t\t\t<a href='https:\/\/soleillette.com\/wp-content\/uploads\/2015\/06\/P1010848.jpg' title=\"\" data-rl_title=\"\" class=\"rl-gallery-link\" data-rl_caption=\"\" data-rel=\"lightbox-gallery-5\"><img loading=\"lazy\" decoding=\"async\" width=\"300\" height=\"200\" src=\"https:\/\/soleillette.com\/wp-content\/uploads\/2015\/06\/P1010848-300x200.jpg\" class=\"attachment-medium size-medium\" alt=\"\" srcset=\"https:\/\/soleillette.com\/wp-content\/uploads\/2015\/06\/P1010848-300x200.jpg 300w, https:\/\/soleillette.com\/wp-content\/uploads\/2015\/06\/P1010848-1024x683.jpg 1024w\" sizes=\"(max-width: 300px) 100vw, 300px\" \/><\/a>\n\t\t\t<\/dt><\/dl>\n\t\t\t<br style='clear: both' \/>\n\t\t<\/div>\n\n\n\n<figure class=\"wp-block-gallery has-nested-images columns-default is-cropped wp-block-gallery-1 is-layout-flex wp-block-gallery-is-layout-flex\"><\/figure>\n\n\n\n<figure class=\"wp-block-gallery has-nested-images columns-default is-cropped wp-block-gallery-2 is-layout-flex wp-block-gallery-is-layout-flex\"><\/figure>\n\n\n\n<figure class=\"wp-block-gallery has-nested-images columns-default is-cropped wp-block-gallery-3 is-layout-flex wp-block-gallery-is-layout-flex\"><\/figure>\n\n\n\n<figure class=\"wp-block-gallery has-nested-images columns-default is-cropped wp-block-gallery-4 is-layout-flex wp-block-gallery-is-layout-flex\"><\/figure>\n\n\n\n<figure class=\"wp-block-gallery has-nested-images columns-default is-cropped wp-block-gallery-5 is-layout-flex wp-block-gallery-is-layout-flex\"><\/figure>\n\n\n\n<figure class=\"wp-block-gallery has-nested-images columns-default is-cropped wp-block-gallery-6 is-layout-flex wp-block-gallery-is-layout-flex\"><\/figure>\n","protected":false},"excerpt":{"rendered":"<p>Le jardin : Le jardin est r\u00e9parti en trois niveaux de surfaces planes, ce qui permet la pratique d&rsquo;activit\u00e9s \u00e0 l&rsquo;ext\u00e9rieur. \u00a0 La salle : Espace spacieux de 83 m2 offrant la possibilit\u00e9 de diverses activit\u00e9s avec la pr\u00e9sence d&rsquo;un po\u00eale et d&rsquo;une vielle chemin\u00e9e, grandes baies vitr\u00e9es s&rsquo;ouvrant sur une belle terrasse avec vue [&hellip;]<\/p>\n","protected":false},"author":1,"featured_media":0,"parent":0,"menu_order":0,"comment_status":"closed","ping_status":"closed","template":"","meta":{"footnotes":""},"_links":{"self":[{"href":"https:\/\/soleillette.com\/index.php?rest_route=\/wp\/v2\/pages\/12"}],"collection":[{"href":"https:\/\/soleillette.com\/index.php?rest_route=\/wp\/v2\/pages"}],"about":[{"href":"https:\/\/soleillette.com\/index.php?rest_route=\/wp\/v2\/types\/page"}],"author":[{"embeddable":true,"href":"https:\/\/soleillette.com\/index.php?rest_route=\/wp\/v2\/users\/1"}],"replies":[{"embeddable":true,"href":"https:\/\/soleillette.com\/index.php?rest_route=%2Fwp%2Fv2%2Fcomments&post=12"}],"version-history":[{"count":38,"href":"https:\/\/soleillette.com\/index.php?rest_route=\/wp\/v2\/pages\/12\/revisions"}],"predecessor-version":[{"id":9897,"href":"https:\/\/soleillette.com\/index.php?rest_route=\/wp\/v2\/pages\/12\/revisions\/9897"}],"wp:attachment":[{"href":"https:\/\/soleillette.com\/index.php?rest_route=%2Fwp%2Fv2%2Fmedia&parent=12"}],"curies":[{"name":"wp","href":"https:\/\/api.w.org\/{rel}","templated":true}]}}